culate s(-5).
-5
Let c(j) = 11*j - 1. Let b be c(-1). Let a(t) be the second derivative of -t**3/6 - 4*t**2 - 307*t - 2. Determine a(b).
4
Let q(g) = -g**2 - 2*g + 1. Let x = 54 + -51. Suppose 7*d + x*n - 1 = 3*d, 5*d + 13 = n. Give q(d).
1
Let u(x) = 6*x**2 + x. Let z be u(1). Suppose -35 = -z*o + 35. Let s(c) = -c**3 + 9*c**2 + 9*c + 12. What is s(o)?
2
Let y(z) = -4 + 4*z + 3*z - 2 + 7 - 10*z. Calculate y(1).
-2
Let d(b) be the second derivative of b**3/6 - 5*b**2/2 + 164*b. Calculate d(2).
-3
Let p(c) = -5*c + 1. Let k(j) = -j**2 - 13*j - 14. Let f be k(-9). Suppose -18*h + f*h + 16 = 0. What is p(h)?
21
Suppose -4*k + v + 6 - 19 = 0, 2*k - 4*v + 10 = 0. Let y(d) = -2*d**2 + 5*d + 2. Give y(k).
-31
Let v(b) = -b**3 + 2*b**2 - 2*b + 1. Let r(u) = -7*u + 44. Let l be r(6). Determine v(l).
-3
Let p(n) = -n**2 + n - 23. Let m(x) = -x**2 - 12*x - 20. Let q be m(-10). Let j be q/(-3*-1*(-3)/9). Give p(j).
-23
Let v(z) be the second derivative of -z**3/6 - 3*z**2 + 9*z. Let r = 8 + -18. Give v(r).
4
Let w(g) = g + 4. Let j(r) = 10*r**3 - 2*r**2 + 2. Let l(b) = -5*b**3 + b**2 - 1. Let h(x) = -6*j(x) - 13*l(x). Let m be h(-1). Determine w(m).
-1
Suppose 0 = -5*t + 15, 3*t - 17 = 4*q - 0*t. Suppose -3*a = 2*m - 22, m + 2*a = 2*m + 3. Let c = q + m. Let x(n) = n**3 - 3*n**2 + 4*n - 4. What is x(c)?
8
Let a(x) = -x**3 + 6*x**2 - 5*x - 7. Let w(h) = -2*h**2 + 11*h - 9. Let n be w(2). What is a(n)?
-7
Let s = 160 - 157. Let n(d) = -8*d**3 + 7 + d + 2*d**3 - 6*d**3 + 6*d**2 + 13*d**s. Let x(g) = -2*g + 6. Let h be x(6). What is n(h)?
1
Suppose 0*i - 4 = 2*i. Let f = -49 - -52. Let w(q) = 8 + 0*q**3 + q**f - 7. Calculate w(i).
-7
Let c(g) = -3*g + 5. Let s(p) be the third derivative of -p**4/24 + 6*p**2. Let f(u) = c(u) - 4*s(u). Calculate f(-6).
-1
Let g(l) be the first derivative of -l**5/20 + l**4/6 + l**3/6 - 9*l - 20. Let o(t) be the first derivative of g(t). Determine o(-2).
14
Let t(g) be the first derivative of -g**3/3 - 3*g**2 + 3*g - 44. Calculate t(-6).
3
Let h be (14/(-35))/((-1)/20). Let i(w) = w - 7*w + h*w + 12*w. Calculate i(-1).
-14
Let i(q) = 7. Let r(g) = -g - 3. Let s(w) = -3*i(w) - 5*r(w). Give s(-5).
-31
Let z(o) = -6*o**2 + 2*o + 9. Let j(v) = v**2 + 6*v**2 - 3*v - 5 - 5. Let u = -34 + 40. Let i(k) = u*z(k) + 5*j(k). Determine i(-4).
0
Suppose 9*d - 12*d + 6 = y, -4*y + 4*d = 8. Suppose -2*i - 12 = -y*n - n, 5*n + 2*i = 12. Let r(x) = x**3 - 4*x**2 - x + 5. Determine r(n).
1
Let u(m) = -2*m**2 + 7*m - 6. Let k(i) = -5*i**2 + 20*i - 17. Let x(p) = -3*k(p) + 8*u(p). What is x(-5)?
-2
Let o(s) = 2*s - 7 - s - 2. Let g be o(11). Let r(h) = -8*h**2 + g*h**2 + 5*h**2 + 5*h**2. Determine r(-1).
4
Let m(r) = -3 - 664*r**2 + 1325*r**2 + 4 - 679*r**2. What is m(-1)?
-17
Let x(j) be the first derivative of j**6/360 + j**5/40 - j**4/12 + 35*j**3/3 - 33. Let t(c) be the third derivative of x(c). Determine t(-3).
-2
Let k(y) be the third derivative of 1/2*y**3 + 1/6*y**4 + 0 + 0*y - 1/60*y**5 + y**2. Suppose 14*j = 53 + 3. What is k(j)?
3
Suppose -j + 4*u + 3 = u, j + 11 = -4*u. Suppose -4*c + 3*f + 26 = 5, -32 = -5*c - 2*f. Let z(r) = -r - 3*r - c + 8*r + 3. Give z(j).
-15
Let t(f) = -11*f - 3. Let j(m) = 123*m + 30. Let d(h) = 4*j(h) + 45*t(h). Determine d(-9).
12
Let o(n) be the second derivative of n**3/3 - 3*n**2 - 2*n - 25. Calculate o(5).
4
Let u(h) = h**2 + 3*h - 4. Let j(v) = v**2 + 2*v - 13. Let k be j(2). Determine u(k).
6
Let l(o) = -5*o**3 + 6*o**3 - 2*o**3 + 2*o**3 - 74*o**2 + 76*o**2. Let u = 0 - 0. Suppose -4*t - 2 - 6 = u. Calculate l(t).
0
Let r(z) = 6*z + 53. Let c be r(-9). Let g(k) = 8*k + 2. Calculate g(c).
-6
Suppose c + 2*q - 2 = 2, 0 = 3*q. Let a(g) be the first derivative of 3*g**2/2 - 4*g - 52. Determine a(c).
8
Let p(u) = -u**3 - 4*u**2 + 6*u - 2. Suppose 5*b + 22 = -2*c, 14 = -4*c - 5*b - 20. What is p(c)?
34
Let y be 39/26*(-2)/3. Let p be y/(3/20) + (-44)/(-66). Let a(u) = u**2 + 0*u + 4 + 0*u + 9*u - 5*u. What is a(p)?
16
Suppose 0 = -4*x + 6*x - 5*p + 6, p - 2 = 0. Suppose -10 = x*m + 7*l - 6*l, 32 = -4*m - 5*l. Let y(v) = -v**3 - 5*v**2 - 3*v + 2. Calculate y(m).
-7
Let l(i) = 8*i**3 - 8*i**2 + 9*i - 4. Let c(q) = -2*q**3 + 2*q**2 - 2*q + 1. Let d(t) = 9*c(t) + 2*l(t). Give d(2).
-7
Let w(p) be the third derivative of p**4/24 + p**3/3 - 2*p**2 - 105. Give w(3).
5
Suppose -1 = 5*v - 11. Let b(i) = 30 - 29 + 3*i + 3*i**v + 0*i**2 - i**3 - i**2. Suppose -2*r - 11 = -t, 2*t - 7*t + 11 = r. Determine b(t).
1
Let h(v) = -v**3 + 3*v**2 + 3*v + 4. Suppose -4*l = -7*l + 3*x + 18, -10 = -3*l + x. Suppose 3*j = l + 10. Let z be h(j). Let s(t) = t + 5. What is s(z)?
5
Let u(d) = -d - 2. Let y(x) = -3. Let b(z) = -u(z) - 5*y(z). Calculate b(-5).
12
Let m(s) = s**3 + 8*s**2 + s + 7. Let a(d) = 29*d + 427. Let t be a(-15). Determine m(t).
-1
Let r(x) = 7*x**3 + 6*x**2 - 8*x + 8. Let p(q) = 11*q**3 + 9*q**2 - 12*q + 12. Let l(g) = 5*p(g) - 8*r(g). Suppose 3*s + 32 = -5*s. Calculate l(s).
-4
Let l(w) = -2*w - 4. Let d be l(-4). Let r(f) = -f + 8. Let v be r(d). Let q(z) = z + 15 + z + 15 - 32. What is q(v)?
6
Let c(j) = 3*j**2 + 3 - 28*j + 24*j - j**2. Let t(n) = n**3 - 10*n**2 + 7*n - 9. Let w be t(9). Let h be (-29)/(-9) - (-6)/w. What is c(h)?
9
Let b(g) = g**2. Let k(o) = o**2 - 3*o - 4. Let l = 7 - 5. Let x(z) = l*b(z) - k(z). Calculate x(-3).
4
Let l(b) be the third derivative of 0*b - 1/12*b**4 - 3/40*b**6 + 7*b**2 + 0*b**5 - 1/6*b**3 + 0. Let f = 3 - 4. Calculate l(f).
10
Let l(t) = -2*t + 2. Let u be l(3). Let d be (-1)/4*u - 0. Let r(x) = -d + 2*x - 2 + 2. Give r(2).
3
Let o(u) = -38*u**3 + 39*u**3 - 3 - 3 + 5*u**2. Determine o(-5).
-6
Suppose -109*m = -112*m - 6. Let n(p) = -2*p**2 + 6. Give n(m).
-2
Let d(z) = z**2 - 15*z + 8. Let w(r) = 30*r + 165. Let h be w(-5). Calculate d(h).
8
Let q(m) be the first derivative of 5*m**2/2 - 29*m - 194. Calculate q(5).
-4
Let g(t) = -t - 1. Suppose 26 = -3*i - j, -8*j - 6 = -2*i - 4*j. Give g(i).
6
Let u(n) = -5*n - 27. Let t(h) = 6*h + 34. Let z(c) = 4*t(c) + 5*u(c). What is z(7)?
-6
Let v be 3 + 4 + 3 + -10. Suppose 40*a - 39*a - 3 = v. Let n(w) = -w. Determine n(a).
-3
Suppose -2*d = -0*d - 2*x + 4, -3*d + x = -2. Let j(q) = d*q**3 - q**3 - 1 - 2*q**3 - 6*q**2. Suppose -3*n = 3*y, 52 = -3*y + 2*n + 22. Calculate j(y).
-1
Let u(q) = 3*q**3 - 21*q**2 + 3*q - 5. Let d(g) = -5*g**3 + 39*g**2 - 5*g + 11. Let f(n) = -4*d(n) - 7*u(n). Let p = -20 + 11. Give f(p).
0
Let g(f) = 6*f**3 - f**2 - 2*f - 1. Suppose 0 = -10*m + 15*m - 40. Suppose -10*c - m = 2. Give g(c).
-6
Let w(j) = j**2 + j - 2. Let o = 84 - 79. Suppose 3*c - 21 = -3*p, 31 = 5*c + o*p - p. Calculate w(c).
10
Let s(m) = -3 - 2 - 1 + 7*m + 2*m**2. Let l be 1/3*(88 - 87) + 133/(-21). Give s(l).
24
Let j(t) = 19*t + 3 + 3*t**2 - t**2 + 3*t**2 - 3*t**2. Calculate j(-9).
-6
Let x = 3 - 3. Let o = 5 - 2. Let r(q) = x - o*q + 3 - 4*q. Give r(2).
-11
Let d(x) = 5 + 3121*x + 4 - 3119*x - 4. Give d(-4).
-3
Let n be 3*-1*((-143)/39 - -2). Let f(l) = l**3 - 6*l**2 + 4*l - 5. Calculate f(n).
-10
Let a(c) = c**2 + c + 8. Suppose -z - m = 0, z + 2*m + 21 = 6*z. Suppose 4*d - z = -3*r + 2*r, 6 = 5*d + 2*r. Determine a(d).
8
Let f = 36 + -34. Let d(h) = 3*h**2 + h - f*h - 5*h**2 + 3 - 7. Calculate d(-4).
-32
Let k(j) = 6*j**3 + 10*j**2 - 8*j - 7. Let a(i) = 7*i**3 + 11*i**2 - 8*i - 8. Let o(g) = 5*a(g) - 6*k(g). Let t = -17 + 3. Let c = t + 8. Give o(c).
-10
Let x be (-124)/(-24) + 2/(-12). Suppose x*r = 4*u + 108, 3*u = -4 - 2. Suppose -14*l = -9*l + r. Let n(o) = o**3 + 2*o**2 - 3*o + 5. Calculate n(l).
-15
Let l(r) = 14 - 5*r - 14 + 15 + 9 + 6*r. What is l(-14)?
10
Let q(o) = o**2 - 11*o + 6. Let j be (-150)/(-26) - (-3)/13. What is q(j)?
-24
Let r(n) be the third derivative of -n**6/120 - n**5/15 + 7*n**4/24 - 22*n**2 + 2*n. Suppose -3*z - 14 = 1. Determine r(z).
-10
Let d(t) = 82*t + 28. Let x be d(3). Let y(m) = x*m + 279*m - 10 - 554*m. Determine y(-9).
-1
Let g(c) = 651*c + 9 - 187*c - 463*c. Suppose -1 = a + 2*z, -4*a - a = 5*z - 15. What is g(a)?
16
Let l(a) = 6*a**2 + 4*a + 14. Let p(n) = -5*n**2 - 4*n - 12. Let y(b) = 4*l(b) + 5*p(b). Let c = 5 + -9. Give y(c).
-4
Let b(p) = p + 1. Let t(w) = w. Let s(m) = -b(m) - t(m). Let r(q) = q**2 + 12*q - 44. Let h be r(-15). What is s(h)?
-3
Let t(z) = -z**3 - 12*z**2 - 14. Let f(c)